{"id":3030,"date":"2025-07-06T22:57:10","date_gmt":"2025-07-06T20:57:10","guid":{"rendered":"https:\/\/brfkapan.se\/?page_id=3030"},"modified":"2025-07-31T23:31:06","modified_gmt":"2025-07-31T21:31:06","slug":"about-the-association","status":"publish","type":"page","link":"https:\/\/brfkapan.se\/?page_id=3030&lang=en","title":{"rendered":"About the Association"},"content":{"rendered":"<div id=\"pl-3030\"  class=\"panel-layout\" ><div id=\"pg-3030-0\"  class=\"panel-grid panel-no-style\" ><div id=\"pgc-3030-0-0\"  class=\"panel-grid-cell\" ><div id=\"panel-3030-0-0-0\" class=\"so-panel widget widget_sow-editor panel-first-child panel-last-child\" data-index=\"0\" ><div\n\t\t\t\n\t\t\tclass=\"so-widget-sow-editor so-widget-sow-editor-base\"\n\t\t\t\n\t\t>\n<div class=\"siteorigin-widget-tinymce textwidget\">\n\t<p data-start=\"79\" data-end=\"255\">The full name is \"HSB:s bostadsr\u00e4ttsf\u00f6rening K\u00e5pan nr 272\". However, this often feels a bit formal, so the association is usually referred to as \"Brf K\u00e5pan\", or simply \"K\u00e5pan\".<\/p>\n<p data-start=\"257\" data-end=\"429\">Brf K\u00e5pan consists of 111 apartments in \u00c4lvsj\u00f6. The association was founded on November 25, 1983, and was registered with the County Administrative Board on March 12, 1984.<\/p>\n<p data-start=\"431\" data-end=\"487\">In 1987, the ownership was handed over to the residents.<\/p>\n<p data-start=\"489\" data-end=\"740\">The buildings were designed by Kerstin G\u00e5sste Architect Office (who also designed the buildings in our neighboring association Brf Kupan, represented by the two tall buildings in the center of the image) and were constructed by JSS (now known as NCC).<\/p>\n<p data-start=\"742\" data-end=\"768\"><span class=\"collapseomatic \" id=\"id69d0dedd29a82\"  tabindex=\"0\" title=\"Read more\"    >Read more<\/span><\/p>\n<div id=\"target-id69d0dedd29a82\" class=\"collapseomatic_content \">\n<p data-start=\"770\" data-end=\"828\">The association owns and manages the following properties:<\/p>\n<h2>Block Pr\u00e4stg\u00e5rds\u00e5kern 1<\/h2>\n<table style=\"height: 144px; width: 560px;\">\n<tbody>\n<tr>\n<td style=\"width: 193px;\">Solberga \u00e4ngsv\u00e4g 8<\/td>\n<td style=\"width: 130px;\">8 apartments<\/td>\n<td style=\"width: 255px;\">First move-in: 1985-09-01<\/td>\n<\/tr>\n<tr>\n<td style=\"width: 193px;\">Solberga \u00e4ngsv\u00e4g 10<\/td>\n<td style=\"width: 130px;\">12 apartments<\/td>\n<td style=\"width: 255px;\">First move-in: 1985-07-01<\/td>\n<\/tr>\n<tr>\n<td style=\"width: 193px;\">Solberga \u00e4ngsv\u00e4g 12<\/td>\n<td style=\"width: 130px;\">12 apartments<\/td>\n<td style=\"width: 255px;\">First move-in: 1985-07-01<\/td>\n<\/tr>\n<tr>\n<td style=\"width: 193px;\">Solberga \u00e4ngsv\u00e4g 14<\/td>\n<td style=\"width: 130px;\">14 apartments<\/td>\n<td style=\"width: 255px;\">First move-in: 1985-09-01<\/td>\n<\/tr>\n<\/tbody>\n<\/table>\n<h2>Block Pr\u00e4stg\u00e5rds\u00e5kern 3<\/h2>\n<table style=\"height: 171px; width: 558px;\">\n<tbody>\n<tr>\n<td style=\"width: 182px;\">Solberga \u00e4ngsv\u00e4g 5<\/td>\n<td style=\"width: 129px;\">11 apartments<\/td>\n<td style=\"width: 243px;\">First move-in: 1985-12-01<\/td>\n<\/tr>\n<tr>\n<td style=\"width: 182px;\">Solberga \u00e4ngsv\u00e4g 7<\/td>\n<td style=\"width: 129px;\">12 apartments<\/td>\n<td style=\"width: 243px;\">First move-in: 1985-12-01<\/td>\n<\/tr>\n<tr>\n<td style=\"width: 182px;\">Solberga \u00e4ngsv\u00e4g 9<\/td>\n<td style=\"width: 129px;\">12 apartments<\/td>\n<td style=\"width: 243px;\">First move-in: 1985-11-01<\/td>\n<\/tr>\n<tr>\n<td style=\"width: 182px;\">Solberga \u00e4ngsv\u00e4g 11<\/td>\n<td style=\"width: 129px;\">16 apartments<\/td>\n<td style=\"width: 243px;\">First move-in: 1985-11-01<\/td>\n<\/tr>\n<tr>\n<td style=\"width: 182px;\">Solberga \u00e4ngsv\u00e4g 13<\/td>\n<td style=\"width: 129px;\">14 apartments<\/td>\n<td style=\"width: 243px;\">First move-in: 1986-02-01<\/td>\n<\/tr>\n<\/tbody>\n<\/table>\n<p><img loading=\"lazy\" decoding=\"async\" class=\"aligncenter size-full wp-image-107\" src=\"http:\/\/brfkapan.se\/wp-content\/uploads\/2011\/12\/modell-kapan.jpg\" alt=\"\" width=\"573\" height=\"243\" srcset=\"https:\/\/brfkapan.se\/wp-content\/uploads\/2011\/12\/modell-kapan.jpg 573w, https:\/\/brfkapan.se\/wp-content\/uploads\/2011\/12\/modell-kapan-300x127.jpg 300w, https:\/\/brfkapan.se\/wp-content\/uploads\/2011\/12\/modell-kapan-500x212.jpg 500w\" sizes=\"auto, (max-width: 573px) 100vw, 573px\" \/><\/p>\n<p data-start=\"1481\" data-end=\"1903\">The image above is taken from a brochure titled \"Bofakta fr\u00e5n HSB\". Its full name is actually \"HSB Stockholm bygger brf. K\u00e5pan i \u00c4lvsj\u00f6, 111 l\u00e4genheter med bostadsr\u00e4tt i flerfamiljshus \u2013 Bofakta fr\u00e5n HSB\", which isn\u2019t the most convenient title, so we simply call it \"Bofakta fr\u00e5n HSB\". The brochure was used in marketing the apartments before the sale. On page 2, the apartments and housing types are described as follows:<\/p>\n<p data-start=\"1905\" data-end=\"2035\">\u201cWhen the residential area is fully developed, it will contain 111 apartments. The types of apartments are distributed as follows:<\/p>\n<table style=\"height: 146px; width: 525px;\">\n<tbody>\n<tr>\n<td style=\"width: 118px;\">30 units<\/td>\n<td style=\"width: 188px;\">2 rrooms and kitchen<\/td>\n<td style=\"width: 207px;\">70.0 m\u00b2<\/td>\n<\/tr>\n<tr>\n<td style=\"width: 118px;\">53 units<\/td>\n<td style=\"width: 188px;\">3 rooms and kitchen<\/td>\n<td style=\"width: 207px;\">75,5 \u2013 85,5 m\u00b2<\/td>\n<\/tr>\n<tr>\n<td style=\"width: 118px;\">3 units<\/td>\n<td style=\"width: 188px;\">3 rooms and kitchen<\/td>\n<td style=\"width: 207px;\">108,5 m\u00b2<\/td>\n<\/tr>\n<tr>\n<td style=\"width: 118px;\">17 units<\/td>\n<td style=\"width: 188px;\">4 rooms and kitchen<\/td>\n<td style=\"width: 207px;\">88,0 m\u00b2<\/td>\n<\/tr>\n<tr>\n<td style=\"width: 118px;\">8 units<\/td>\n<td style=\"width: 188px;\">5 rooms and kitchen<\/td>\n<td style=\"width: 207px;\">109,0 \u2013 116,5 m\u00b2<\/td>\n<\/tr>\n<\/tbody>\n<\/table>\n<p data-start=\"2262\" data-end=\"2409\">Three of the 3-room apartments (108.5 m\u00b2) are adapted for people with reduced mobility, and 10 are senior apartments. All buildings have elevators.<\/p>\n<p data-start=\"2411\" data-end=\"2760\">The buildings are corridor-style apartment blocks constructed with 3 or 4 floors and have balconies in light metal. The facades are made of light red brick with metal elements in red. The roofs are covered with concrete tiles. The houses are pleasantly grouped around two courtyards, and between the building groups runs an access road to the area.\u201d<\/p>\n<p data-start=\"2762\" data-end=\"2899\">The image itself is from page 6 and shows the model of the area that was created during the construction and now stands in the boardroom.<\/p>\n<p data-start=\"2901\" data-end=\"2910\" data-is-last-node=\"\" data-is-only-node=\"\"><\/div><\/p>\n<\/div>\n<\/div><\/div><\/div><\/div><\/div>","protected":false},"excerpt":{"rendered":"<p>The full name is &#8221;HSB:s bostadsr\u00e4ttsf\u00f6rening K\u00e5pan nr 272&#8221;. However, [&hellip;]<\/p>\n","protected":false},"author":730,"featured_media":0,"parent":0,"menu_order":0,"comment_status":"closed","ping_status":"closed","template":"page-templates\/page_fullwidth.php","meta":{"_mc_calendar":[],"footnotes":""},"class_list":["post-3030","page","type-page","status-publish","hentry","clearfix"],"_links":{"self":[{"href":"https:\/\/brfkapan.se\/index.php?rest_route=\/wp\/v2\/pages\/3030","targetHints":{"allow":["GET"]}}],"collection":[{"href":"https:\/\/brfkapan.se\/index.php?rest_route=\/wp\/v2\/pages"}],"about":[{"href":"https:\/\/brfkapan.se\/index.php?rest_route=\/wp\/v2\/types\/page"}],"author":[{"embeddable":true,"href":"https:\/\/brfkapan.se\/index.php?rest_route=\/wp\/v2\/users\/730"}],"replies":[{"embeddable":true,"href":"https:\/\/brfkapan.se\/index.php?rest_route=%2Fwp%2Fv2%2Fcomments&post=3030"}],"version-history":[{"count":5,"href":"https:\/\/brfkapan.se\/index.php?rest_route=\/wp\/v2\/pages\/3030\/revisions"}],"predecessor-version":[{"id":3053,"href":"https:\/\/brfkapan.se\/index.php?rest_route=\/wp\/v2\/pages\/3030\/revisions\/3053"}],"wp:attachment":[{"href":"https:\/\/brfkapan.se\/index.php?rest_route=%2Fwp%2Fv2%2Fmedia&parent=3030"}],"curies":[{"name":"wp","href":"https:\/\/api.w.org\/{rel}","templated":true}]}}