{"id":109,"date":"2011-12-23T02:09:52","date_gmt":"2011-12-23T01:09:52","guid":{"rendered":"http:\/\/brfkapan.se\/?page_id=109"},"modified":"2026-04-18T08:50:26","modified_gmt":"2026-04-18T06:50:26","slug":"felanmalan","status":"publish","type":"page","link":"https:\/\/brfkapan.se\/?page_id=109","title":{"rendered":"Felanm\u00e4lan"},"content":{"rendered":"<p><span style=\"text-decoration: underline;\"><strong>HSB<br \/>\n<\/strong><\/span>HSB har ett ansvar f\u00f6r den ekonomiska administrationen.<br \/>\nHit ringer man om man f\u00e5tt fel avgift p\u00e5 sina avier eller om pengarna man betalat in inte har registrerats. 010-442 11 00<br \/>\nDet \u00e4r \u00e4ven HSB som administrerar \u00f6verl\u00e5telser. Tel: 010-442 11 00<\/p>\n<p><strong><span style=\"text-decoration: underline;\">Trygga Hiss i Stockholm AB<br \/>\n<\/span><\/strong>Dit kan man ringa dygnet runt vid problem med hissarna. Tel: 08-798 92 00<\/p>\n<p><strong><span style=\"text-decoration: underline;\"><strong>AB Energibevakning<br \/>\n<\/strong><\/span><\/strong>Ansvarar f\u00f6r fastighetssk\u00f6tsel. Det \u00e4r hit de flesta felanm\u00e4lningarna skickas. \u00c4ven hj\u00e4lp med reparationer samt installationer kan g\u00f6ras av dem.<br \/>\nFelanm\u00e4lan dagtid g\u00f6rs p\u00e5 08-647 66 10 eller helpme@energibevakning.com.<br \/>\nKv\u00e4llstid och helger finns det sj\u00e4lvklart jour (denna jour \u00e4r aktiv vardagar 16.00-07.00 och helger 00.00-24.00).<br \/>\nF\u00f6r att kontakta jouren ring akutservice: 0771-47 66 10<br \/>\n<em><strong>T\u00e4nk p\u00e5 att jouren \u00e4r kostsam f\u00f6r f\u00f6reningen och i v\u00e4rsta fall, beroende p\u00e5 vilken typ av felavhj\u00e4lpning det g\u00e4ller, kan du bli skyldig att st\u00e5 f\u00f6r kostnaden. R\u00e5dg\u00f6r med styrelsen innan du tar kontakt med jouren.<\/strong><\/em><\/p>\n<p><strong><span style=\"text-decoration: underline;\">AB Hus- &amp; Villatr\u00e4dg\u00e5rdar<br \/>\n<\/span><\/strong>Ansvarar f\u00f6r all tr\u00e4dg\u00e5rdssk\u00f6tsel s\u00e5 som exempelvis klippning av gr\u00e4s, skottning, sandning och t\u00f6mning av soptunnor utomhus. Tel: 08-86 50 60.<strong><span style=\"text-decoration: underline;\"><br \/>\n<\/span><\/strong><\/p>\n<p><strong><span style=\"text-decoration: underline;\">Garage<\/span><br \/>\n<\/strong>Fel anm\u00e4ls, bortsett fr\u00e5n burar, till Alova.<br \/>\nFel p\u00e5 burar anm\u00e4ls till Energibevakning (se ovan)<\/p>\n<p>Anm\u00e4l via telefon p\u00e5 08-749 27 00 (8:00 \u2013 16:00).<br \/>\n\u00d6vrig tid kan man ringa Jourmont\u00f6r Securitas p\u00e5 08-657 64 21.<br \/>\nUppge vid samtal att det g\u00e4ller garaget p\u00e5 G\u00f6talandsv\u00e4gen 218.<\/p>\n<p>Man kan \u00e4ven nyttja\u00a0<strong><a href=\"https:\/\/felanmalan.alova.se\/?Page=customerform&amp;ServiceOrderTypeID=1\">formul\u00e4ret<\/a><\/strong>\u00a0p\u00e5 deras hemsida.<br \/>\nI <em>\u201dObjekt\u201d<\/em> rullar man ner till \u201dNyfosa \u2013 Kv. Pr\u00e4stg\u00e5rds\u00e4ngen 2\u201d.<br \/>\nUnder <em>\u201dAdress\u201d<\/em> v\u00e4ljer man G\u00f6talandsv\u00e4gen 216-208.<\/p>\n","protected":false},"excerpt":{"rendered":"<p>HSB HSB har ett ansvar f\u00f6r den ekonomiska administrationen. Hit [&hellip;]<\/p>\n","protected":false},"author":730,"featured_media":0,"parent":8,"menu_order":0,"comment_status":"closed","ping_status":"closed","template":"","meta":{"_mc_calendar":[],"footnotes":""},"class_list":["post-109","page","type-page","status-publish","hentry","clearfix"],"_links":{"self":[{"href":"https:\/\/brfkapan.se\/index.php?rest_route=\/wp\/v2\/pages\/109","targetHints":{"allow":["GET"]}}],"collection":[{"href":"https:\/\/brfkapan.se\/index.php?rest_route=\/wp\/v2\/pages"}],"about":[{"href":"https:\/\/brfkapan.se\/index.php?rest_route=\/wp\/v2\/types\/page"}],"author":[{"embeddable":true,"href":"https:\/\/brfkapan.se\/index.php?rest_route=\/wp\/v2\/users\/730"}],"replies":[{"embeddable":true,"href":"https:\/\/brfkapan.se\/index.php?rest_route=%2Fwp%2Fv2%2Fcomments&post=109"}],"version-history":[{"count":5,"href":"https:\/\/brfkapan.se\/index.php?rest_route=\/wp\/v2\/pages\/109\/revisions"}],"predecessor-version":[{"id":3062,"href":"https:\/\/brfkapan.se\/index.php?rest_route=\/wp\/v2\/pages\/109\/revisions\/3062"}],"up":[{"embeddable":true,"href":"https:\/\/brfkapan.se\/index.php?rest_route=\/wp\/v2\/pages\/8"}],"wp:attachment":[{"href":"https:\/\/brfkapan.se\/index.php?rest_route=%2Fwp%2Fv2%2Fmedia&parent=109"}],"curies":[{"name":"wp","href":"https:\/\/api.w.org\/{rel}","templated":true}]}}